11)?
2
Let l(w) = w + 8. Give l(-6).
2
Let s(g) = 50*g + 2. Determine s(1).
52
Let t(g) = -g**2 + g - 1. Give t(5).
-21
Let s(r) = -r**3 + 11*r**2 + 3*r - 14. Calculate s(10).
116
Let j(b) = b. Give j(2).
2
Let d(c) = 9*c + 10. Determine d(-2).
-8
Let x(p) = -p**2 + 9*p - 10. Determine x(9).
-10
Let x(n) = 16*n. What is x(1)?
16
Let q(p) = 6*p + 2. What is q(-2)?
-10
Let b(m) = 8*m + 3. What is b(6)?
51
Let b(i) = 3*i**2 - i + 6. Give b(0).
6
Let l(k) = 5*k**3 - 2*k**2 + 2*k. Give l(1).
5
Let o(p) = 2*p**3 + 29*p**2 + 14*p - 8. What is o(-14)?
-8
Let k(h) = -4*h + 89. Determine k(22).
1
Let q(c) = 2*c**3 - 2*c**2 - c + 4. Calculate q(2).
10
Let f(o) = o**2 + 3*o - 9. What is f(-5)?
1
Let a(j) = -21*j + 310. Give a(14).
16
Let h(c) = -3*c**3 - 21*c**2 + 4*c + 19. Calculate h(-7).
-9
Let d(p) = 2*p**2 + 12*p - 53. Give d(-9).
1
Let p(w) = -w**3 - 3*w**2 - w - 7. Give p(-4).
13
Let x(o) = -o**2 + 7*o - 4. Give x(2).
6
Let k(g) = -g**3 + 5*g**2 - 6*g + 1. Calculate k(6).
-71
Let l(d) = d**2 - 2*d - 3. Determine l(5).
12
Let d(h) = h**3 + 4*h**2 - 2*h + 4. What is d(-5)?
-11
Let o(k) = -k**3 + 3*k**2 + 13*k - 11. Give o(5).
4
Let b(a) = -2*a**3 + 2*a**2 - 2*a - 2. Give b(2).
-14
Let v(w) = 50*w + 44. What is v(-1)?
-6
Let t(m) = -m + 13. What is t(7)?
6
Let s(q) = q**2 + 35*q + 69. Give s(-32).
-27
Let o(h) = 5*h + 4. Give o(1).
9
Let b(q) = -4*q - 2. Determine b(-9).
34
Let n(b) = -b**2 + 6*b + 7. Calculate n(-2).
-9
Let j(p) = 3*p**2 - 3. Give j(-3).
24
Let z(b) = b**2 - 11*b. What is z(11)?
0
Let y(a) = -6*a**3 - 3*a**2 - 5*a - 2. What is y(-1)?
6
Let t(l) = -l**3 + 6*l**2 - l + 14. Calculate t(6).
8
Let x(z) = z**3 - 8*z**2 - 3*z + 12. Give x(8).
-12
Let s(k) = -7*k**2 + k + 5. What is s(-1)?
-3
Let p(j) = j**3 - 20*j**2 + 19*j + 21. Calculate p(19).
21
Let f(n) = n**2 + 17*n - 80. Calculate f(4).
4
Let i(u) = -4*u**2. What is i(-1)?
-4
Let v(s) = -s**3 - 2*s**2 + 14*s + 1. Determine v(-5).
6
Let x(b) = 50*b - 1. Calculate x(-1).
-51
Let s(z) = z + 4. Calculate s(7).
11
Let m(h) = -3*h**2 + 16*h - 24. Give m(4).
-8
Let w(n) = -n**3 - 40*n**2 - 349*n + 54. What is w(-27)?
0
Let j(p) = -p**2 + 19*p - 18. What is j(17)?
16
Let a(b) = 2*b + 10. Calculate a(-6).
-2
Let t(n) = 2*n**3 - 4*n**2 - 3*n + 5. Calculate t(3).
14
Let g(f) = 4*f - 3. Give g(-11).
-47
Let c(x) = -x**3 + 45*x**2 + 95*x - 45. Determine c(47).
2
Let s(v) = 2*v**2 + 15*v + 7. Calculate s(-7).
0
Let u(d) = 5*d + 8. Give u(0).
8
Let g(m) = -m**3 + 7*m**2 + 8*m + 7. Give g(8).
7
Let c(u) = -4*u - 12. Calculate c(-8).
20
Let k(b) = b**3 - 30*b**2 + 2*b - 65. What is k(30)?
-5
Let z(r) = r**3 + 12*r**2 + 12*r - 6. Give z(-11).
-17
Let z(i) = -i**2 - 13*i - 15. Calculate z(-11).
7
Let p(s) = s**2 - 3*s - 14. What is p(8)?
26
Let q(n) = 16*n**2 - 54*n + 1. Determine q(3).
-17
Let u(n) = 2*n - 8. What is u(4)?
0
Let g(c) = 39*c + 246. Give g(-7).
-27
Let x(l) = -3*l**2 + 24*l + 42. What is x(8)?
42
Let w(r) = r**3 - 18*r**2 + 36*r - 61. Give w(16).
3
Let s(n) = 3*n**2 + n - 2. Calculate s(1).
2
Let x(g) = g + 9. Calculate x(-21).
-12
Let g(j) = -j**2 + 22*j - 31. What is g(19)?
26
Let i(g) = 7*g + 21. Give i(-1).
14
Let j(l) = l**3 - l + 14. Calculate j(0).
14
Let f(n) = 2*n**2 + 3*n + 2. Give f(-2).
4
Let t(g) = 2*g**2 - 4*g - 1. Give t(3).
5
Let g(p) = p + 9. Give g(7).
16
Let r(v) = 3*v - 16. What is r(11)?
17
Let y(x) = 5*x**2 + x - 2. Determine y(-2).
16
Let h(a) = a**3 - 6*a**2 + 6*a - 10. What is h(5)?
-5
Let s(j) = j**2 - 2*j + 1. Give s(-3).
16
Let c(s) = s - 5. Determine c(-7).
-12
Let m(n) = n**3 - 6*n**2 + 4*n + 6. What is m(5)?
1
Let q(k) = -21*k + 17. What is q(1)?
-4
Let p(o) = -o**3 - 16*o**2 + 34*o - 9. Calculate p(-18).
27
Let m(b) = -b**3 - 13*b**2 - 13. Determine m(-13).
-13
Let l(i) = i**3 + i**2 + i + 59. What is l(0)?
59
Let p(j) = 2*j**3 + 3*j**2 - 15*j + 6. Determine p(2).
4
Let j(o) = 4*o**2 + 9*o - 30. Give j(5).
115
Let c(l) = -l**3 - 26*l**2 + 24*l - 60. Calculate c(-27).
21
Let k(p) = p**3 + 10*p**2 - 18*p - 88. What is k(-11)?
-11
Let i(s) = 3*s**2 - 3*s. Determine i(-1).
6
Let t(g) = -2*g**2 + 18*g - 27. What is t(12)?
-99
Let x(i) = 91*i - 1. Determine x(-1).
-92
Let o(q) = q**3 + 10*q**2 - 11*q - 6. Calculate o(-11).
-6
Let z(d) = d**2 + 8*d + 4. Calculate z(-9).
13
Let f(x) = -132*x**3 + 2*x**2 - x - 1. Give f(1).
-132
Let n(b) = -6*b**3 - 49*b**2 - 6*b + 9. What is n(-8)?
-7
Let g(b) = 12*b + 674. Calculate g(-57).
-10
Let y(d) = -14*d - 6. Calculate y(-2).
22
Let h(v) = -v**2 - v + 137. Calculate h(11).
5
Let i(p) = -p**2 - 16*p - 19. What is i(-15)?
-4
Let z(b) = -b**2 - 10*b. Determine z(-7).
21
Let v(y) = -7*y**2 + 3*y - 2. What is v(2)?
-24
Let z(l) = 25*l**2. What is z(1)?
25
Let w(v) = v**3 - 9*v**2 - 17*v - 25. Calculate w(10).
-95
Let s(t) = 8*t - 13. What is s(0)?
-13
Let x(w) = -w**2 - w. Determine x(1).
-2
Let r(q) = 4*q**2 - 24*q + 6. Give r(6).
6
Let s(j) = 2*j**3 + 32*j**2 + 3. Determine s(-16).
3
Let r(u) = -u**2 - 55*u + 169. What is r(3)?
-5
Let u(i) = i**3 - 13*i**2 + 4*i - 26. Determine u(13).
26
Let i(n) = -n**2 - 7*n - 7. Calculate i(-8).
-15
Let m(b) = -4*b + 7. Give m(1).
3
Let r(f) = 2*f - 2. Calculate r(2).
2
Let m(k) = 10*k + 27. What is m(-21)?
-183
Let f(r) = -r**3 - 12*r**2 - 10*r + 8. Determine f(-11).
-3
Let g(u) = -u**3 + 6*u**2 + u - 4. Calculate g(6).
2
Let d(o) = 6*o + 20. What is d(-3)?
2
Let p(f) = -f**3 - 18*f**2 - 19*f - 28. Calculate p(-17).
6
Let i(v) = -2*v - 29. What is i(-15)?
1
Let o(d) = d**3 + 11*d**2 + 11*d + 5. What is o(-10)?
-5
Let u(a) = -a**2 + 14*a + 27. Determine u(16).
-5
Let u(z) = -z**3 + 26*z**2 + z - 23. Calculate u(26).
3
Let n(a) = a**2 - 4*a - 36. What is n(-5)?
9
Let p(b) = -b**3 - 11*b**2 - 18*b - 1. What is p(-9)?
-1
Let s(d) = -3*d + 7. What is s(-7)?
28
Let x(c) = 10*c + 32. Calculate x(-1).
22
Let b(w) = -w**3 - 5*w**2 + 6*w + 3. Give b(-6).
3
Let r(a) = 13*a - 58. Determine r(5).
7
Let q(s) = -s**3 - 5*s**2 - 4*s - 1. Calculate q(-3).
-7
Let s(q) = -q**3 + 14*q**2 + 14*q + 12. What is s(15)?
-3
Let y(q) = -9*q - 20. Give y(-2).
-2
Let o(y) = -y**3. Determine o(-1).
1
Let v(h) = -h**2 - 20*h + 44. What is v(-22)?
0
Let t(l) = 2*l**2 + 4*l - 10. Calculate t(4).
38
Let y(q) = 2*q**2 - 34*q - 78. What is y(19)?
-2
Let f(h) = -16*h - 214. Give f(-12).
-22
Let g(t) = 5*t + 20. Give g(0).
20
Let t(q) = -5*q**3 - 6*q**2 - 5*q. Give t(-3).
96
Let b(s) = -11*s - 95. Calculate b(-9).
4
Let l(t) = t**2 + 6*t + 15. Determine l(-6).
15
Let z(b) = 3*b + 6. Give z(2).
12
Let d(k) = -6*k + 19. Give d(4).
-5
Let j(o) = -o**2 + 6*o + 2. Determine j(7).
-5
Let c(z) = -z**3 - z**2 - 3*z + 6. Calculate c(4).
-86
Let u(l) = -2*l - 8. What is u(-2)?
-4
Let p(s) = s**3 + 40*s**2 + 3*s + 129. What is p(-40)?
9
Let v(m) = m**3 - 18*m**2 - 44*m + 77. Give v(20).
-3
Let t(u) = u**2 - 14. Determine t(6).
22
Let p(t) = -56*t**3 + t**2. Determine p(-1).
57
Let u(g) = g**2 - g - 3. Determine u(5).
17
Let i(g) = -g + 25. Give i(0).
25
Let s(o) = -o**3 - 6*o**2 - 7*o - 1. What is s(-3)?
-7
Let s(x) = -2*x + 16. Determine s(8).
0
Let z(g) = 35*g - 241. What is z(7)?
4
Let i(w) = 143*w + 2280. Determine i(-16).
-8
Let k(b) = b + 4. Calculate k(-5).
-1
Let y(z) = -3*z - 22. Give y(-15).
23
Let w(n) = -4*n**3 - 3*n**2 + n + 4. Determine w(3).
-128
Let c(w) = -w**3 + 28*w**2 + 30*w - 22. Calculate c(29).
7
Let w(s) = -3*s**2 - 7*s - 6. Give w(-5).
-46
Let p(a) = -a**2 + 7*a + 37. Calculate p(8).
29
Let b(q) = -5*q**2 + 4. What is b(-3)?
-41
Let d(m) = -72*m**2 - 7*m + 6. Give d(1).
-73
Let z(w) = w**3 - 5*w**2 + 5*w + 5. Give z(5).
30
Let c(o) = o**2 - 2*o - 7. Determine c(-6).
41
Let f(r) = r**3 - 17*r**2 - 17*r - 23. Determine f(18).
-5
Let c(r) = -r**3 - 20*r**2 - 90*r + 3. What is c(-13)?
-10
Let g(o) = 5*o**2 - 9*o - 3. What is g(3)?
15
Let t(b) = -b**3 + 8*b**2 - 3*b + 10. What is t(8)?
-14
Let h(k) = 2*k**2 + 3*k + 1. Give h(-5).
36
Let q(i) = i**2 - 10*i + 31. Determine q(7).
10
Let n(t) = -t**3 + 7*t**2 - 7*t - 1. Calculate n(6).
-7
Let u(x) = x**3 + 7*x**2 + 12*x. Calculate u(-5).
-10
Let z(p) = p**2 + 24*p + 22. What is z(-21)?
-41
Let z(o) = -2*o + 9. What is z(8)?
-7
Let n(o) = -o**2 - 20*o - 61. Determine n(-9).
38
Let g(n) = -5*n**3 - 2*n - 3. Determine g(-1).
4
Let h(a) = 14*a - 368. What is h(26)?
-4
